ate the greatest common factor of 629344 and 3976.
568
What is the highest common divisor of 216 and 18?
18
Calculate the greatest common factor of 39 and 2171.
13
What is the highest common factor of 21460 and 56260?
580
Calculate the greatest common divisor of 3648 and 21660.
228
Calculate the greatest common divisor of 4504 and 241.
1
Calculate the highest common factor of 185611 and 114.
19
What is the highest common factor of 2515567 and 894?
149
What is the highest common divisor of 186 and 191239?
31
Calculate the highest common divisor of 4876634 and 70.
14
What is the highest common divisor of 30 and 2367?
3
What is the greatest common factor of 196 and 2362948?
28
What is the highest common divisor of 16206 and 3330?
222
What is the greatest common factor of 38 and 1068218?
38
Calculate the highest common divisor of 95 and 848540.
95
Calculate the highest common divisor of 1068578 and 35.
7
Calculate the greatest common divisor of 351 and 40209.
39
Calculate the highest common divisor of 57 and 10113.
3
What is the greatest common factor of 5269 and 11017?
479
Calculate the highest common factor of 210 and 158430.
30
Calculate the greatest common divisor of 132935 and 924.
11
Calculate the highest common factor of 53 and 11231336.
53
What is the greatest common divisor of 50668 and 8604?
956
What is the greatest common divisor of 110 and 26090?
10
What is the highest common factor of 22 and 209726?
22
Calculate the highest common factor of 3720 and 1440.
120
Calculate the greatest common factor of 162 and 312012.
162
Calculate the highest common divisor of 1582 and 768061.
791
Calculate the highest common divisor of 154801 and 849.
283
What is the greatest common divisor of 572 and 43186?
286
What is the highest common factor of 9864 and 2?
2
Calculate the greatest common factor of 16055 and 676.
169
Calculate the greatest common divisor of 1767 and 3968.
31
Calculate the greatest common divisor of 11865 and 15933.
339
What is the greatest common divisor of 8056 and 5092?
76
Calculate the highest common divisor of 4237 and 12042.
223
Calculate the greatest common divisor of 104704 and 1024.
256
Calculate the highest common divisor of 1344 and 2220.
12
Calculate the greatest common divisor of 477 and 2229021.
477
Calculate the greatest common factor of 2552 and 115544.
88
Calculate the highest common factor of 2225093 and 13.
13
What is the greatest common factor of 15351 and 77056?
301
What is the greatest common divisor of 1139 and 136323?
17
Calculate the greatest common factor of 792 and 6589.
11
Calculate the greatest common divisor of 4004 and 847.
77
Calculate the greatest common factor of 3186 and 177.
177
Calculate the greatest common factor of 2138 and 229.
1
What is the highest common factor of 396 and 495297?
99
What is the highest common divisor of 3011720 and 204?
68
What is the greatest common divisor of 2 and 81514?
2
What is the greatest common factor of 921785 and 1252?
313
What is the greatest common factor of 3493 and 26447?
499
Calculate the highest common divisor of 447840 and 10.
10
Calculate the highest common divisor of 1987 and 3.
1
Calculate the greatest common divisor of 117775 and 1225.
175
Calculate the highest common factor of 120006 and 12213.
531
Calculate the highest common factor of 28556 and 4543.
649
Calculate the highest common factor of 1995 and 166845.
105
What is the highest common factor of 97621 and 82?
41
What is the greatest common divisor of 6308 and 8300?
332
Calculate the highest common factor of 7 and 507864.
7
What is the highest common divisor of 3200356 and 8?
4
What is the greatest common factor of 14366 and 484?
22
Calculate the highest common factor of 28560 and 5568.
48
What is the greatest common divisor of 42 and 21616?
14
What is the highest common divisor of 70 and 45864?
14
What is the greatest common divisor of 131292 and 84?
84
What is the highest common divisor of 200 and 225100?
100
What is the highest common divisor of 1316 and 141022?
14
Calculate the greatest common divisor of 285030 and 330.
30
What is the highest common factor of 142772 and 28?
28
What is the greatest common factor of 2635 and 3145?
85
What is the highest common divisor of 22842 and 1692?
846
What is the greatest common factor of 12348 and 3948?
84
Calculate the greatest common factor of 17 and 24136.
1
Calculate the greatest common factor of 62 and 245489.
31
Calculate the highest common divisor of 12165 and 208427.
811
What is the highest common divisor of 10 and 2368?
2
Calculate the highest common factor of 17098 and 3502.
206
Calculate the greatest common factor of 3078 and 486.
162
What is the highest common factor of 33 and 727397?
11
What is the highest common factor of 351586 and 2202?
734
What is the highest common divisor of 1733 and 3630635?
1733
Calculate the greatest common divisor of 77628 and 12.
12
Calculate the highest common divisor of 383 and 110687.
383
What is the highest common divisor of 460 and 17555?
5
What is the highest common divisor of 30 and 10611?
3
What is the highest common divisor of 82829 and 113?
113
What is the greatest common divisor of 7744 and 1024?
64
Calculate the greatest common factor of 63 and 77211.
9
What is the greatest common factor of 5104 and 6138?
22
Calculate the highest common factor of 110421 and 27.
9
What is the greatest common factor of 51376 and 507?
169
Calculate the highest common divisor of 28 and 43380.
4
Calculate the highest common factor of 7916 and 886.
2
What is the greatest common factor of 299 and 91?
13
What is the highest common divisor of 1704 and 136?
8
What is the greatest common divisor of 721 and 3011617?
721
Calculate the highest common factor of 3131432 and 688.
344
Calculate the highest common divisor of 28402 and 110.
22
Calculate the highest common factor of 4739 and 714.
7
Calculate the greatest common divisor of 642 and 36756.
6
What is the highest common divisor of 30 and 1604?
2
What is the greatest common factor of 7668412 and 232?
116
What is the highest common divisor of 6635 and 326442?
1327
Calculate the greatest common divisor of 242 and 2118226.
242
Calculate the highest common divisor of 1581776 and 25324.
1948
What is the greatest common divisor of 389543 and 11?
11
What is the highest common divisor of 23452 and 715?
143
What is the greatest common divisor of 44182 and 12?
2
Calculate the highest common factor of 2725 and 109.
109
Calculate the greatest common divisor of 36489 and 6.
3
What is the highest common divisor of 47260 and 60?
20
Calculate the greatest common divisor of 16 and 5364.
4
Calculate the highest common divisor of 8330 and 6370.
490
Calculate the highest common divisor of 701928 and 28.
4
Calculate the greatest common factor of 1271 and 7339.
41
What is the highest common divisor of 160116 and 176?
44
What is the highest common divisor of 107313 and 24?
3
What is the greatest common divisor of 25520 and 440?
440
Calculate the highest common divisor of 860 and 42820.
20
What is the greatest common factor of 36105 and 1815?
15
Calculate the greatest common divisor of 2373186 and 1186.
1186
Calculate the greatest common factor of 2082 and 138.
6
Calculate the highest common factor of 2816 and 68992.
1408
What is the highest common divisor of 184851 and 1128?
141
What is the greatest common divisor of 5264 and 98512?
752
Calculate the greatest common factor of 4 and 1570.
2
Calculate the highest common divisor of 728 and 689.
13
What is the highest common factor of 254 and 108077?
127
What is the highest common factor of 5 and 9828475?
5
What is the greatest common factor of 232 and 2864?
8
Calculate the highest common factor of 28897 and 355.
71
What is the highest common factor of 65 and 698490?
65
Calculate the greatest common factor of 64656 and 7712.
16
Calculate the greatest common divisor of 1221 and 2960.
37
What is the highest common factor of 37373 and 133?
133
What is the greatest common divisor of 38535 and 70?
35
What is the greatest common factor of 256248 and 216?
72
Calculate the greatest common factor of 177607 and 6208.
97
What is the greatest common factor of 176 and 4059?
11
What is the greatest common divisor of 222503 and 101?
101
Calculate the greatest common d